[INFO] fetching crate polyglot_rs 0.7.0...
[INFO] checking polyglot_rs-0.7.0 against master#9610dfe5a9a731ced1ea4923ecbd0c57fe367898 for beta-170-4
[INFO] extracting crate polyglot_rs 0.7.0 into /workspace/builds/worker-3-tc1/source
[INFO] validating manifest of crates.io crate polyglot_rs 0.7.0 on toolchain 9610dfe5a9a731ced1ea4923ecbd0c57fe367898
[INFO] running `Command { std: CARGO_HOME="/workspace/cargo-home" RUSTUP_HOME="/workspace/rustup-home" "/workspace/cargo-home/bin/cargo" "+9610dfe5a9a731ced1ea4923ecbd0c57fe367898" "metadata" "--manifest-path" "Cargo.toml" "--no-deps", kill_on_drop: false }`
[INFO] started tweaking crates.io crate polyglot_rs 0.7.0
[INFO] finished tweaking crates.io crate polyglot_rs 0.7.0
[INFO] tweaked toml for crates.io crate polyglot_rs 0.7.0 written to /workspace/builds/worker-3-tc1/source/Cargo.toml
[INFO] running `Command { std: CARGO_HOME="/workspace/cargo-home" RUSTUP_HOME="/workspace/rustup-home" __CARGO_TEST_CHANNEL_OVERRIDE_DO_NOT_USE_THIS="nightly" "/workspace/cargo-home/bin/cargo" "+9610dfe5a9a731ced1ea4923ecbd0c57fe367898" "generate-lockfile" "--manifest-path" "Cargo.toml" "-Zno-index-update", kill_on_drop: false }`
[INFO] running `Command { std: CARGO_HOME="/workspace/cargo-home" RUSTUP_HOME="/workspace/rustup-home" "/workspace/cargo-home/bin/cargo" "+9610dfe5a9a731ced1ea4923ecbd0c57fe367898" "fetch" "--manifest-path" "Cargo.toml", kill_on_drop: false }`
[INFO] running `Command { std: "docker" "create" "-v" "/var/lib/crater-agent-workspace/builds/worker-3-tc1/target:/opt/rustwide/target:rw,Z" "-v" "/var/lib/crater-agent-workspace/builds/worker-3-tc1/source:/opt/rustwide/workdir:ro,Z" "-v" "/var/lib/crater-agent-workspace/cargo-home:/opt/rustwide/cargo-home:ro,Z" "-v" "/var/lib/crater-agent-workspace/rustup-home:/opt/rustwide/rustup-home:ro,Z" "-e" "SOURCE_DIR=/opt/rustwide/workdir" "-e" "CARGO_TARGET_DIR=/opt/rustwide/target" "-e" "CARGO_HOME=/opt/rustwide/cargo-home" "-e" "RUSTUP_HOME=/opt/rustwide/rustup-home" "-w" "/opt/rustwide/workdir" "-m" "1610612736" "--user" "0:0" "--network" "none" "ghcr.io/rust-lang/crates-build-env/linux@sha256:19e73879b68f455e41552ea35293514db52ea292d993f571636dbffedb77a1ee" "/opt/rustwide/cargo-home/bin/cargo" "+9610dfe5a9a731ced1ea4923ecbd0c57fe367898" "metadata" "--no-deps" "--format-version=1", kill_on_drop: false }`
[INFO] [stdout] 32d36d23dcd54adbf813f3d31f2d0c0db5da24d59c845b2d1219e3994f2844a8
[INFO] running `Command { std: "docker" "start" "-a" "32d36d23dcd54adbf813f3d31f2d0c0db5da24d59c845b2d1219e3994f2844a8", kill_on_drop: false }`
[INFO] running `Command { std: "docker" "inspect" "32d36d23dcd54adbf813f3d31f2d0c0db5da24d59c845b2d1219e3994f2844a8", kill_on_drop: false }`
[INFO] running `Command { std: "docker" "rm" "-f" "32d36d23dcd54adbf813f3d31f2d0c0db5da24d59c845b2d1219e3994f2844a8", kill_on_drop: false }`
[INFO] [stdout] 32d36d23dcd54adbf813f3d31f2d0c0db5da24d59c845b2d1219e3994f2844a8
[INFO] running `Command { std: "docker" "create" "-v" "/var/lib/crater-agent-workspace/builds/worker-3-tc1/target:/opt/rustwide/target:rw,Z" "-v" "/var/lib/crater-agent-workspace/builds/worker-3-tc1/source:/opt/rustwide/workdir:ro,Z" "-v" "/var/lib/crater-agent-workspace/cargo-home:/opt/rustwide/cargo-home:ro,Z" "-v" "/var/lib/crater-agent-workspace/rustup-home:/opt/rustwide/rustup-home:ro,Z" "-e" "SOURCE_DIR=/opt/rustwide/workdir" "-e" "CARGO_TARGET_DIR=/opt/rustwide/target" "-e" "CARGO_INCREMENTAL=0" "-e" "RUST_BACKTRACE=full" "-e" "RUSTFLAGS=--cap-lints=forbid" "-e" "RUSTDOCFLAGS=--cap-lints=forbid" "-e" "CARGO_HOME=/opt/rustwide/cargo-home" "-e" "RUSTUP_HOME=/opt/rustwide/rustup-home" "-w" "/opt/rustwide/workdir" "-m" "1610612736" "--user" "0:0" "--network" "none" "ghcr.io/rust-lang/crates-build-env/linux@sha256:19e73879b68f455e41552ea35293514db52ea292d993f571636dbffedb77a1ee" "/opt/rustwide/cargo-home/bin/cargo" "+9610dfe5a9a731ced1ea4923ecbd0c57fe367898" "check" "--frozen" "--all" "--all-targets" "--message-format=json", kill_on_drop: false }`
[INFO] [stdout] 1203fcd1e3ee75b52c50b16a322bf9eef81daf3a2b625810d1374e7185e90cb2
[INFO] running `Command { std: "docker" "start" "-a" "1203fcd1e3ee75b52c50b16a322bf9eef81daf3a2b625810d1374e7185e90cb2", kill_on_drop: false }`
[INFO] [stderr]    Compiling indexmap v1.9.3
[INFO] [stderr]     Checking polyglot_rs v0.7.0 (/opt/rustwide/workdir)
[INFO] [stderr]    Compiling syn v2.0.18
[INFO] [stderr]    Compiling syn v1.0.109
[INFO] [stderr]    Compiling toml_edit v0.19.10
[INFO] [stderr]    Compiling proc-macro-crate v1.3.1
[INFO] [stderr]    Compiling serde_derive v1.0.163
[INFO] [stderr]    Compiling num_enum_derive v0.5.11
[INFO] [stderr]     Checking num_enum v0.5.11
[INFO] [stderr]     Checking serde v1.0.163
[INFO] [stderr]     Checking serde_json v1.0.96
[INFO] [stdout] error[E0583]: file not found for module `tests`
[INFO] [stdout]  --> tests/generator.rs:3:1
[INFO] [stdout]   |
[INFO] [stdout] 3 | mod tests;
[INFO] [stdout]   | ^^^^^^^^^^
[INFO] [stdout]   |
[INFO] [stdout]   = help: to create the module `tests`, create file "tests/tests.rs" or "tests/tests/mod.rs"
[INFO] [stdout] 
[INFO] [stdout] 
[INFO] [stdout] error[E0432]: unresolved imports `crate::tests::Data`, `crate::tests::Decode`, `crate::tests::Encode`, `crate::tests::Request`, `crate::tests::RequestCorpus`, `crate::tests::Response`, `crate::tests::SearchResponse`, `crate::tests::SearchResponseResult`, `crate::tests::StockPrices`, `crate::tests::StockPricesSuperWrap`, `crate::tests::StockPricesWrapper`, `crate::tests::Test`
[INFO] [stdout]  --> tests/generator.rs:5:5
[INFO] [stdout]   |
[INFO] [stdout] 5 |     Data, Decode, Encode, Request, RequestCorpus, Response, SearchResponse, SearchResponseResult,
[INFO] [stdout]   |     ^^^^  ^^^^^^  ^^^^^^  ^^^^^^^  ^^^^^^^^^^^^^  ^^^^^^^^  ^^^^^^^^^^^^^^  ^^^^^^^^^^^^^^^^^^^^ no `SearchResponseResult` in `tests`
[INFO] [stdout]   |     |     |       |       |        |              |         |
[INFO] [stdout]   |     |     |       |       |        |              |         no `SearchResponse` in `tests`
[INFO] [stdout]   |     |     |       |       |        |              no `Response` in `tests`
[INFO] [stdout]   |     |     |       |       |        no `RequestCorpus` in `tests`
[INFO] [stdout]   |     |     |       |       no `Request` in `tests`
[INFO] [stdout]   |     |     |       no `Encode` in `tests`
[INFO] [stdout]   |     |     no `Decode` in `tests`
[INFO] [stdout]   |     no `Data` in `tests`
[INFO] [stdout] 6 |     StockPrices, StockPricesSuperWrap, StockPricesWrapper, Test,
[INFO] [stdout]   |     ^^^^^^^^^^^  ^^^^^^^^^^^^^^^^^^^^  ^^^^^^^^^^^^^^^^^^  ^^^^
[INFO] [stdout]   |     |            |
[INFO] [stdout]   |     |            no `StockPricesSuperWrap` in `tests`
[INFO] [stdout]   |     no `StockPrices` in `tests`
[INFO] [stdout]   |
[INFO] [stdout]   = help: consider importing this variant instead:
[INFO] [stdout]           serde_json::error::Category::Data
[INFO] [stdout] 
[INFO] [stdout] 
[INFO] [stdout] error[E0433]: failed to resolve: could not find `TestAll` in `tests`
[INFO] [stdout]   --> tests/generator.rs:38:12
[INFO] [stdout]    |
[INFO] [stdout] 38 |     tests::TestAll::decode(&mut decoder).unwrap().unwrap();
[INFO] [stdout]    |            ^^^^^^^ could not find `TestAll` in `tests`
[INFO] [stdout] 
[INFO] [stdout] 
[INFO] [stdout] error[E0422]: cannot find struct, variant or union type `TestAll` in module `tests`
[INFO] [stdout]   --> tests/generator.rs:46:23
[INFO] [stdout]    |
[INFO] [stdout] 46 |     let test = tests::TestAll {
[INFO] [stdout]    |                       ^^^^^^^ not found in `tests`
[INFO] [stdout] 
[INFO] [stdout] 
[INFO] [stdout] error: aborting due to 4 previous errors
[INFO] [stdout] 
[INFO] [stdout] 
[INFO] [stdout] Some errors have detailed explanations: E0422, E0432, E0433, E0583.
[INFO] [stdout] 
[INFO] [stdout] For more information about an error, try `rustc --explain E0422`.
[INFO] [stdout] 
[INFO] [stderr] error: could not compile `polyglot_rs` (test "generator") due to 5 previous errors
[INFO] [stderr] warning: build failed, waiting for other jobs to finish...
[INFO] running `Command { std: "docker" "inspect" "1203fcd1e3ee75b52c50b16a322bf9eef81daf3a2b625810d1374e7185e90cb2", kill_on_drop: false }`
[INFO] running `Command { std: "docker" "rm" "-f" "1203fcd1e3ee75b52c50b16a322bf9eef81daf3a2b625810d1374e7185e90cb2", kill_on_drop: false }`
[INFO] [stdout] 1203fcd1e3ee75b52c50b16a322bf9eef81daf3a2b625810d1374e7185e90cb2
